8*y + 13*y - 2*y**2 + 16*y - 2. What is b(i)?
8
Let b be 209/55 + (-1)/(-5). Let q(h) = 8*h - 2 - 4*h - 2*h - b*h. What is q(-3)?
4
Let g(d) = -d + 9. Let m be g(6). Let j(y) = 4*y + 4*y**m - 2*y + 21*y**2 - 6*y**3 - 22*y**2. Determine j(-2).
8
Let n(o) = -o**3 - 6*o**2 - 3*o - 8. Suppose -s - 1 = -3*h + 11, -2*s - h - 10 = 0. What is n(s)?
10
Suppose 0 = -6*m + 4*m + 16. Let c(k) = -4 + k**2 - 2*k**3 + m*k**3 + 4. What is c(1)?
7
Let b(n) = 2 + 7*n - 13*n - 8 - 1. Calculate b(-4).
17
Let d(i) be the third derivative of -i**5/60 + 7*i**4/24 + 2*i**2. Suppose 4*f = 5 + 7. Suppose 0 = -u - 2*z - 3, -f*u + 7 + 4 = z. Calculate d(u).
10
Suppose -5*n = 15, 4*l + 2*n - 15 = -5. Let f(u) be the first derivative of 5 + 4*u + 1/2*u**2 - 1/4*u**4 + 4/3*u**3. Give f(l).
8
Let a(h) = h**3 + 4*h**2 + h + 2. Suppose -2*q = 746 - 736. Calculate a(q).
-28
Suppose 0 = -3*t + s - 35, -5*s - 41 = 4*t + 31. Let w(g) = -g - 22. Determine w(t).
-9
Let s be (-1 - 2/(-8))/((-42)/112). Let a(u) = -10 - 2 + 2*u - s*u - u**2. Determine a(0).
-12
Let u(w) = w**3 - 7*w**2 - w - 7. Let y(z) = 3*z**3 - 14*z**2 - z - 13. Let g = 6 + -8. Let k(p) = g*y(p) + 5*u(p). Calculate k(-6).
-27
Let b be (-3)/(-6) - (-7)/2. Suppose b*i + i - 30 = 0. Let a(l) be the first derivative of -l**4/4 + 7*l**3/3 - 3*l**2 + 1. What is a(i)?
0
Let w(u) = 2*u - 10. Let x be w(18). Let b = -32 + x. Let o(s) = s**3 + 7*s**2 + 4*s + 1. Calculate o(b).
13
Let h(w) = w**3 + 4*w**2 + w + 2. Suppose f = -f - 30. Suppose -2*r - 4*g = -3*r + 24, 2*g = r - 18. Let p = r + f. What is h(p)?
8
Let y(j) be the first derivative of 1/24*j**4 + 0*j + 9 - 1/2*j**2 - 2/3*j**3. Let g(p) be the second derivative of y(p). Calculate g(4).
0
Let a(o) be the third derivative of o**6/120 + 3*o**5/20 + o**4/12 + 2*o**3 + 7*o**2. Let h be a(-9). Let f(v) = -v**2 - 4*v + 6. What is f(h)?
-6
Let h(z) = -22 + 25*z - 2 - 23*z - 3. Let l be h(12). Let f(x) be the second derivative of -x**4/12 - 5*x**3/6 - 2*x**2 + x. Determine f(l).
2
Let i(s) = -19*s**2 + 16*s**2 + 5 - 2*s**3 + 3*s**3 - 246*s + 233*s. Give i(5).
-10
Suppose 3*c - 3 = -21. Let y be (-1)/c + 20/24. Let u(k) = -k**2 - 3*k + 2*k + 0*k. Determine u(y).
-2
Let g be 1/12 - 438/72. Let q(c) = -c**3 - 5*c**2 + c - 30. Calculate q(g).
0
Let j(g) = g**3 - 5*g**2 + 7*g - 10. Let h be j(4). Suppose 3*m + 3*s - 2 = 4, -3*s + 6 = 0. Let l(z) = -3 + h*z + m - z. Give l(3).
0
Let k(r) = -6*r - 2. Let h = 429 + -423. Give k(h).
-38
Let l(a) = a**2 - 14*a + 18. Let k(y) = 2*y**3 - y**2 + 9*y - 17. Let z be k(2). Determine l(z).
5
Suppose 155*d - 166*d + 55 = 0. Let j(m) = m**3 - 8*m**2 + 7*m. Give j(d).
-40
Suppose 5*j = b + 2*b - 20, 4*j = -5*b - 16. Let s(g) = -3*g - 4. Let n be s(j). Let t(f) = 5*f**2 + 3*f**3 + n - 2*f**3 - 10*f + 5*f. Give t(-6).
2
Let v(j) = 3*j**2 + 17*j - 10. Let m(b) = 7*b**2 + 35*b - 20. Let o(t) = -4*m(t) + 9*v(t). What is o(10)?
20
Suppose -3*g = 2*i - 60, i - 3*g + g - 16 = 0. Suppose -16*r = -10*r - i. Let y(c) = -c**3 + 4*c**2 - 2*c - 1. Give y(r).
-9
Let f(x) be the first derivative of -2*x + 13 - 4/3*x**3 + 1/4*x**4 + 1/2*x**2. Determine f(4).
2
Let d be (24/(-3))/2 - (3 - 7). Suppose 2*x + x + p + 2 = d, 2*x + p + 3 = 0. Let h(s) = -13*s**3 + s**2 - s + 1. Give h(x).
-12
Let p(s) = -2*s**2 - 27*s - 18. Let v(m) = 5*m**2 - 13*m - 6*m**2 + 0*m**2 - 6 - 3. Let j(l) = 6*p(l) - 13*v(l). Determine j(-6).
3
Let b(m) = -m**2 - 4. Let a = -158 + 159. Let k be 3*(-1 + 2)/(a/(-1)). Calculate b(k).
-13
Let g = 0 - 5. Let i(x) be the second derivative of x**7/2520 + x**6/144 + x**5/24 + 7*x**4/6 + 2*x. Let f(n) be the third derivative of i(n). What is f(g)?
5
Let s(h) be the first derivative of -2*h**2 + 8*h - 467. Give s(7).
-20
Suppose -2*y = 2*u + 2*y - 2, -1 = -u + 3*y. Let h = -7 + u. Let q(z) = -35*z + 3. Let f(x) = -22*x + 2. Let b(o) = -8*f(o) + 5*q(o). What is b(h)?
-7
Let k(u) be the first derivative of u**2 + u - 25. Give k(3).
7
Let t(k) be the third derivative of k**4/12 + 5*k**3/6 + 10*k**2. Let j be -3 - 16*(-3)/(-6). Let n(l) = -l**2 - 12*l - 7. Let o be n(j). Determine t(o).
13
Let j(b) = -b - 12. Let l be (30/9)/((-8)/(-12)). Suppose -d = -l*d. Suppose q + 5 = -d. Determine j(q).
-7
Let g be ((-24)/(-6) - 4)/(1 + -2). Suppose -5*j + 5*v + 1 - 46 = 0, j - 5*v + 13 = g. Let n(x) = x**3 + 7*x**2 - 9*x - 1. Calculate n(j).
7
Let t be (-15)/(-10)*(-4 - 80/(-15)). Let p(h) = 17*h - 3. Calculate p(t).
31
Suppose 0 = -2*i + 1 + 5. Suppose 10 = -5*a + i*p + 2*p, -2*p - 17 = a. Let m(b) = -3*b**2 + 0*b**3 + b + 8 - 4*b**2 - b**3. What is m(a)?
1
Let k = -2 - -6. Let y(i) be the first derivative of -1/4*i**4 + 4/3*i**3 + 5 + 0*i**2 + 0*i. What is y(k)?
0
Let y(q) = -q + 1. Suppose 2 = 5*u + 22, 2*r - 3*u - 16 = 0. Calculate y(r).
-1
Let u(n) = -25 + 11 - 5 + 7 + n. Determine u(19).
7
Let v(p) = -p**3 - 7*p**2 - 5*p - 4. Suppose -3*f + 4*r + 0*r - 26 = 0, -5*f = 2*r + 26. Calculate v(f).
-10
Let z = 75 + -44. Suppose 3*k + z = 4*p, 4*p - 7*p + 25 = -4*k. Suppose p = -a + 9. Let s(u) = u**3 - 3*u + 2. Calculate s(a).
4
Let w(j) be the first derivative of j - 13 - 1/3*j**3 + 1/4*j**4 + 0*j**2. What is w(-2)?
-11
Suppose 0 = -5*u + u + 5*b + 28, 0 = -4*b - 16. Let h(y) = -58*y**2 + 10 + 57*y**u - y - 6. Determine h(0).
4
Let v(i) = 7*i + 1. Let q be v(-1). Let n(r) = 14*r + 18. Let l(z) = -2*z - 2. Let s(a) = 6*l(a) + n(a). Calculate s(q).
-6
Let x(h) = -2*h + 6. Suppose -2*u - 2*w + 12 = 0, 2*u - 6*w = -w - 2. Suppose -5*l = 4*p - 0*p - 21, p - u*l = 0. Calculate x(p).
-2
Let b(y) = 2*y. Let a(v) = 5*v + 1. Let w(x) = -a(x) + 4*b(x). Calculate w(9).
26
Let v(n) = 5*n**2 + 3*n. Let u be v(-3). Suppose -i - d = -2, 4*i - 5*d = u - 10. Let f = -2 + i. Let s(a) = -2*a. Give s(f).
-4
Let w = 0 + -5. Let f(a) = -a**3 - 5*a**2 - 2*a - 12. Give f(w).
-2
Let n(i) = -2*i**3 + 16*i**2 + 2*i. Let a be ((-396)/(-27))/(-11)*-6. Give n(a).
16
Let i(u) = 0*u**2 - 11*u + u**2 + 0*u**2 + 9. Suppose -6*h + 10 = 2*g - 4*h, 5*h + 25 = 0. Let x be i(g). Let d(w) = -5*w**3 - w**2 - w - 1. Give d(x).
4
Let y(c) = c**3 - 5136*c + 4 - 5 + 7*c**2 + 5137*c. Determine y(-7).
-8
Let s(u) be the third derivative of u**6/120 + u**4/24 - u**3/6 - u**2. Let g be (-214)/321*9/(-6). Give s(g).
1
Let f(l) = 5*l - 1. Let y(i) be the second derivative of i**5/20 - 13*i**4/12 - 5*i**3/2 + 9*i**2 - 5*i. Let j be y(14). Suppose j*q + 1 = -3. What is f(q)?
-6
Let c(l) = l**3 + l**2 - l - 1. Let p(x) = x**3 - 5*x**2 + 4. Let r(t) = -2*c(t) + p(t). What is r(-7)?
-8
Let l be (-17)/2 + (-1)/(-2). Let d(j) = j - 10. Give d(l).
-18
Let h(c) be the first derivative of c + 0*c**3 + 11 + 0*c**2 + 5/4*c**4. What is h(-1)?
-4
Let s be 1/(1/5*-1). Let i(x) = -x**2 - 10*x - 5. Give i(s).
20
Let a(v) = -5*v**3 - v**2 + 4*v + 3. Let d(f) = -2*f**3 - f**2. Let w(s) = -a(s) + 3*d(s). Suppose 2*u + 2*p - 11 = -3*p, 5*u = -3*p - 1. Calculate w(u).
5
Let j(g) = -g**3 + 3*g**2 + g + 3. Let p = -46 - -52. Suppose -3*r + r + p = 0. Give j(r).
6
Let l = -49 + 38. Let k(d) = d**3 + 12*d**2 + 11*d - 6. Let a be k(l). Let z(t) = t + 2. Determine z(a).
-4
Let a be 4/(-1) + -2 + 2. Let q(u) = u**3 + 3*u**2 - 4*u. Let h be q(a). Suppose h = -b - 0*b. Let i(y) = -y**3 + y**2 + y - 3. Give i(b).
-3
Let r = 104 - 74. Suppose -12 = -6*w + r. Let f(x) = 3*x - 6. Give f(w).
15
Let c(q) = 5*q + 70. Let a(y) = 3*y + 73. Let h(v) = -3*a(v) + 4*c(v). Calculate h(-5).
6
Let d(s) = -s**2 - 2*s - 2. Suppose 27 = -2*p - p. Let r = -15 - p. Let h be (r/9)/(4/30). Determine d(h).
-17
Let z be (-1)/4 - (-21)/4. Suppose 5*a - 12*a = -42. Let d(k) = -5*k**2 - 5*k**3 + a + 6*k**3 - 7 + k. Calculate d(z).
4
Let q(o) be the second derivative of o**5/20 + o**4/2 + o**3 + 9*o**2/2 - 54*o. Determine q(-6).
-27
Let c = -5 - -8. Let n(d) = 0*d - 2*d**2 + d**2 + c*d + 2*d - 6. Give n(4).
-2
Let q be (-604)/(-12) + (-8)/(-12). Let c(b) = -b**2 - q + 105 - 60. What is c(0)?
-6
Let z(t) be the second derivative of -t**5/60 - t**4/24 + 4*t**2 - 5*t. Let y(h) be the first derivative of z(h). What is y(3)?
-12
Let k = -2 + 6. Let j(r) = 2*r + 1 + k*r - 5*r. Let i be (2/6)/(108/1980) + 3/(-27). Give j(i).
7
Let f(u) = 14*u**3 + 22*u**2 - 11*u - 11. Let o(y) = -10*y**3 - 16*y**2 + 8*y + 8. Let m(v) = -8*f(v) - 11*o(v). Calculate m(-1).
2
Let y = -1 - -7. S